 q(f) = -70*f - 49. Let u(x) = 6*q(x) - 5*r(x). What is the tens digit of u(-8)?
9
Let o(w) = 39*w**2 + 53*w - 920. What is the hundreds digit of o(-34)?
3
Let d(f) = -9*f - 15. Suppose -20 = 13*h - 17*h, -3*y - 22 = -5*h. Let a be y/1 - 4/(-8)*-20. What is the units digit of d(a)?
6
Let h(d) = -218*d - 1020. What is the thousands digit of h(-33)?
6
Let z = -78 + 81. Suppose 0 = -4*c - 4*x - z + 15, 1 = 3*c - 5*x. Suppose -c*i + 4*k = -3*i + 195, -k = 2*i - 383. What is the tens digit of i?
9
Let a(y) = 3*y**2 - 3*y + 15. Suppose -53*i + 50*i - 21 = 0. What is the hundreds digit of a(i)?
1
Suppose 1110 = 4*m + 1086. Let i = 12 + -5. Suppose -3*g + 536 = i*p - m*p, -5*g - p = -892. What is the units digit of g?
8
Let k = 16953 + -10664. What is the hundreds digit of k?
2
What is the hundreds digit of (-75)/(3 - -12) + 6631?
6
Let l(s) = 12*s - 338. Let c be l(28). What is the tens digit of (-1 + 80 + c)*(47 + -23)?
4
What is the thousands digit of 15/(-9)*3 + (16945 - 23)?
6
Suppose -5*b + 2*v = -2259 - 2132, 4*b + 4*v = 3496. What is the hundreds digit of b?
8
Suppose -2075592 = 44*g - 6402200. Suppose 58*v - g = -4*v. What is the hundreds digit of v?
5
Let l(t) = 18*t + 48. Suppose 3*y - 8*y + 80 = 0. What is the units digit of l(y)?
6
Suppose 4*y - 38362 = -174*n + 172*n, -3*n + 5*y = -57532. What is the hundreds digit of n?
1
Let o(r) = 158*r**2 - 9*r + 25. Let j be o(-5). Suppose 57*q - j = 51*q. What is the hundreds digit of q?
6
Suppose 2*o + 29 = 5*b - 0*o, -15 = -5*o. Suppose 2*y + u = 6*u - b, 2*y - 2 = -4*u. What is the units digit of ((-108)/6)/(-6) - 145*y?
8
Suppose -4235 = -2*l - 5*s, -18*s = -4*l - 17*s + 8525. What is the units digit of l?
0
Suppose -4*y = -2*w - y + 1297, -3*w + 1978 = 2*y. Let r = w + -128. What is the units digit of r?
8
Let h = -167 - -68. Let w = h + 99. Suppose w = -4*d + 5*q + 237, -q - q - 309 = -5*d. What is the units digit of d?
3
Suppose -5*h - 52 = -227. Let w = h - 33. Suppose -2*d = w*b - 4, 0*d + 4*d = 2*b - 4. What is the units digit of b?
2
Let s = 521 + -363. Let l = s + -268. Let n = 77 - l. What is the tens digit of n?
8
Let h(j) = 28*j - 141. Let b(r) = -r - 1. Let y(v) = 3*b(v) + h(v). What is the tens digit of y(25)?
8
What is the hundreds digit of (192/(-40))/2*10980/(-3)?
7
Suppose 5*p + 9583 = w + 1756, 0 = 5*w - p - 39039. What is the thousands digit of w?
7
Suppose 1689 = 73*r - 72*r. What is the hundreds digit of (r/(-12))/((-22)/88)?
5
Suppose 2*c - 2 - 6 = 0. Suppose -j = 4*y - 8*y - 1243, -c*y = 3*j - 3793. What is the tens digit of j?
5
Suppose -4*r - 837 = -5*s + 1448, 4*s - 3*r - 1827 = 0. Let h = s - -196. What is the hundreds digit of h?
6
Let w = 1503 - 895. What is the units digit of (54/(-8))/((-114)/w)?
6
Let i = 7446 + -2433. What is the units digit of i?
3
Let p be -8*(-1)/(-2) + 8. Suppose -4*q + 1535 = 5*n, -2*n + p*n + q - 611 = 0. What is the hundreds digit of n?
3
Let p(w) = -4*w**3 - 2*w - 4. Let j be p(-2). Suppose -9*u = -j*u + 9591. What is the units digit of u?
7
Suppose -29107 + 11845 = -9*w. Let p = -1325 + w. What is the tens digit of p?
9
Let c(n) = -7*n + 2*n**3 + n**2 - 4*n**2 + n + 4*n - 7. Suppose s - 5*s = 2*m - 6, 9 = -3*m. What is the units digit of c(s)?
4
Let j(y) be the first derivative of -51*y**4/2 - y**3/3 - 2*y**2 - 3*y + 87. What is the tens digit of j(-1)?
0
Let q(o) = -8*o + 29. Let f be q(-17). Suppose f = m + c, 7*c - 3*c = 0. What is the tens digit of m?
6
Let v(h) = 202*h - 2028. What is the units digit of v(69)?
0
Let d = -218 + 218. Suppose 0 = 5*c - y - 5097, d = c + 3*y + 47 - 1060. What is the thousands digit of c?
1
Let x(k) = 3*k**3 + 143*k**2 - 8*k + 131. What is the hundreds digit of x(13)?
7
Let v be (-2)/4*(-1 - -2 - 171). Suppose 2*j - 357 = -v. Suppose -17*s + j = -13*s. What is the units digit of s?
4
Let j(b) = b**3 + 9*b**2 + 17*b + 11. Let w be j(-7). What is the tens digit of (28/w)/((7/215)/(-7))?
0
Suppose -13265 = -5*i + 2*v, i - 1334 = -v + 1326. What is the hundreds digit of i?
6
Let r = 19529 - 13468. What is the units digit of r?
1
Suppose -5*n = -5*y + 12300, -363*y + 364*y = 3*n + 2456. What is the tens digit of y?
6
Suppose 0 = -5*w + 5, 24 + 100 = -5*o + 4*w. Let t = o - -14. What is the tens digit of (t/(-2))/((-1)/(-3))?
1
Let w = -2 - -6. Let d be -2 + 12/4 + w. Suppose y = -y - 4*z + 40, -4*y + d*z + 67 = 0. What is the units digit of y?
8
Let m(f) = 0*f**2 + 11*f**2 + 0 - 2 + 7*f - 2. Let d be m(8). Suppose -3*z = 4*t - d, -z + 252 = 4*t - 2*t. What is the tens digit of z?
5
Let p = -137 - -137. Suppose p = 5*r - 325 - 1195. What is the units digit of r?
4
Suppose -5*h + 288 = -2*n + 3*n, -4*h = -2*n - 222. Let g = -52 + h. Suppose -10*t + 730 = -g*t. What is the hundreds digit of t?
1
Let b(u) = u**3 - 22*u**2 + 5*u + 34. Let n be b(23). Suppose -4*j + 4*x + n + 202 = 0, 230 = j + 4*x. What is the hundreds digit of j?
2
Suppose -27*a + 66071 = -21*a - 143455. What is the thousands digit of a?
4
Let j(f) = -358*f + 1716. What is the thousands digit of j(-14)?
6
Let h(y) = -12 + 14 - 87*y + 17. What is the units digit of h(-4)?
7
Let p(r) = -1509*r**3 - 6*r**2 + 7*r - 3. What is the ten thousands digit of p(-3)?
4
Let w(i) = i**3 + 30*i**2 - 64*i + 4. Let j be w(-32). Suppose j*f + y = 715, -2*f = -4*f + 3*y + 347. What is the units digit of f?
8
Suppose -65*m + 4468255 = 72*m. What is the ten thousands digit of m?
3
Let b(j) = -j**2 - 10*j - 17. Suppose p + 4*q - 21 = 4*p, -p - 7 = 5*q. Let m be b(p). What is the tens digit of -45*((-27)/18 - 6/m)?
3
What is the hundreds digit of ((-44)/24*(-56)/77)/((-1)/(-23139))?
8
Let o = -142 + 597. Suppose -z + o = 28. What is the tens digit of z?
2
Let p = 36 - 34. Let u be (-3 + 7/p)/(5/950). Suppose -3*k + u = a, 0 = -2*a - 3*a + 25. What is the units digit of k?
0
Let c = -89 - -91. Let j be (-7)/(14/544) + -2 + c. Let x = j + 410. What is the hundreds digit of x?
1
Suppose t + 3 = 0, 5*t = 86*r - 90*r + 11221. Suppose -4*v = 4*z - 3788, r = -3*v + 6*v - 5*z. What is the tens digit of v?
4
Let t(n) = -n**3 + 7*n**2 - 2*n - 12. Let a be t(6). Let j(c) = 3*c + 65. What is the tens digit of j(a)?
0
Suppose 3*o + 5*u - 5058 = 3857, -5*o - 3*u = -14837. Suppose 6*l = o + 959. What is the tens digit of l?
5
What is the tens digit of (-3)/2 + (189900/24 - 7)?
0
Suppose -p - 11 = -4*w, -4*p + 4*w + 0 = -4. Suppose 0 = z - 3*d - 520, -5*z + p*d + 1603 = -1007. What is the hundreds digit of z?
5
Let f = 26122 - 9334. What is the hundreds digit of f?
7
Let q(t) = -87*t**3 + 43*t**2 + 67*t - 9. What is the hundreds digit of q(-7)?
4
Suppose -214*n + 213*n - m + 5320 = 0, 0 = 2*n - m - 10625. What is the tens digit of n?
1
Suppose 0 = 7*c + 440 - 55. What is the units digit of (-11)/(c/20) - (-218 + 0)?
2
Let m(q) = -q**2 + 15*q + 110. Let w be m(-13). Let y = -221 + 41. Let v = y - w. What is the units digit of v?
4
Suppose -2*o - 2*p - 3996 = -5*o, -2*o = 10*p - 2664. What is the units digit of o?
2
Suppose -150*l + 92*l = 135*l - 7423166. What is the tens digit of l?
6
Let r = -15777 + 69593. What is the hundreds digit of r?
8
Suppose -92*h + 190*h - 92*h = 338334. What is the ten thousands digit of h?
5
Suppose -3*n + s + 4 = 0, -n + 3 + 17 = -5*s. Let o = n + -6. What is the units digit of (-3)/(-18) - 593/o?
9
Suppose -18186 = -38*x + 37*x - 2*y, -4*y + 18186 = x. What is the units digit of x?
6
Let k(r) = -14*r**2 + 365*r - 40. What is the units digit of k(25)?
5
Let f(b) = -21*b - 48. Let q = -41 - -33. Let g be f(q). Suppose -85 - g = -5*k. What is the tens digit of k?
4
Let r(n) = 12*n**2 - 2*n + 2. Let q be r(1). Let u = -137 + -1057. What is the hundreds digit of 0 + (8/q)/((-4)/u)?
1
Suppose -4*l + 538 = -w, -5 = -18*l + 19*l. Let y = -312 - w. What is the hundreds digit of y?
2
Let t(h) be the third derivative of -3*h**4/8 + 2*h**3/3 - 22*h**2. Let n be t(-8). Suppose -4*w + n = l, 0*w + 3*w = 2*l + 57. What is the tens digit of w?
1
Let t(q) = -4*q**3 + 5*q**2 + 18*q - 11. Let d = 362 - 368. What is the units digit of t(d)?
5
Let a(h) = -h - 6. Let r be a(-9). Let z(l) = 2850 + l + 3*l**2 - 9*l**r - 2846 + l**2. What is the units digit of z(-2)?
0
Suppose 0 = 8*x - 3*x + 3*m - 47409, 9465 = x - 5*m. What is the thousands digit of x?
9
Let a be 6/10 + 